False
Does 148 divide 26452812?
False
Is 24 a factor of 13799304?
True
Is 8028780 a multiple of 292?
False
Does 5713 divide 324515539?
True
Is 412814870 a multiple of 5?
True
Does 1184 divide 86910336?
True
Is 12615273 a multiple of 1613?
True
Does 445 divide 195675906?
False
Is 634048130 a multiple of 230?
True
Is 21719109 a multiple of 130?
False
Is 15601375 a multiple of 2375?
True
Is 25 a factor of 70490430?
False
Is 37391553 a multiple of 1823?
True
Does 4282 divide 1018114012?
True
Does 103 divide 93294746?
False
Does 15 divide 1316369686?
False
Is 10 a factor of 907658014?
False
Is 48747541 a multiple of 28?
False
Is 62264070 a multiple of 39?
False
Is 16904378 a multiple of 433?
False
Is 117 a factor of 3960615772?
False
Is 121435173 a multiple of 27?
True
Is 41 a factor of 204996105?
True
Is 2798356612 a multiple of 314?
False
Does 16 divide 35041848?
False
Is 16513959 a multiple of 231?
True
Is 401 a factor of 357359571?
True
Is 313 a factor of 8839746?
True
Does 676 divide 78884450?
False
Does 7950 divide 1388586544?
False
Is 18 a factor of 1289333196?
True
Is 4 a factor of 122757488?
True
Does 817 divide 158826434?
True
Does 1499 divide 560437126?
True
Does 24 divide 580602984?
True
Is 124720596 a multiple of 156?
True
Is 10029356 a multiple of 62?
False
Does 13 divide 1094795?
True
Is 46 a factor of 12863082?
False
Is 51052833 a multiple of 39?
True
Is 107 a factor of 13531365?
False
Is 264 a factor of 207070382?
False
Does 75 divide 302936847?
False
Is 2578705160 a multiple of 349?
True
Does 545 divide 1976979817?
False
Is 606 a factor of 951204264?
True
Is 9 a factor of 148007153?
False
Does 391 divide 476017085?
True
Is 36715973 a multiple of 20?
False
Does 245 divide 421132345?
False
Is 493 a factor of 323658265?
False
Does 10 divide 20220920?
True
Does 9964 divide 1117672985?
False
Is 929520372 a multiple of 4444?
True
Is 645 a factor of 2951183955?
True
Is 14812535 a multiple of 1556?
False
Is 37 a factor of 24020511?
True
Is 741225829 a multiple of 4993?
True
Is 4850 a factor of 231273767?
False
Is 23 a factor of 99456002?
True
Is 500529994 a multiple of 515?
False
Is 905 a factor of 445823684?
False
Does 17 divide 2288931?
True
Is 9 a factor of 34405420?
False
Is 3262463271 a multiple of 333?
True
Is 334 a factor of 25105110?
True
Is 1342802859 a multiple of 613?
True
Is 246612356 a multiple of 21?
False
Is 26415591 a multiple of 13?
False
Does 89 divide 12076410?
True
Is 778025741 a multiple of 269?
True
Is 902 a factor of 31283010?
False
Is 2331664893 a multiple of 2494?
False
Does 205 divide 17482009?
False
Does 188 divide 106935939?
False
Is 706089856 a multiple of 128?
True
Is 298559400 a multiple of 120?
True
Does 2478 divide 69046992?
True
Does 294 divide 1760163594?
True
Is 248 a factor of 42064456?
False
Is 685614454 a multiple of 14?
True
Is 161954646 a multiple of 59?
True
Is 27459227 a multiple of 1030?
False
Does 50 divide 928361100?
True
Is 66 a factor of 1029579408?
True
Does 3796 divide 149528236?
True
Does 146 divide 31909073?
False
Is 307510405 a multiple of 785?
True
Is 795643 a multiple of 6?
False
Is 21351498 a multiple of 226?
False
Is 352733220 a multiple of 5?
True
Is 2349 a factor of 501697345?
False
Does 784 divide 9815190?
False
Does 5 divide 578057678?
False
Is 595390160 a multiple of 23?
False
Does 2852 divide 79982456?
False
Is 2242000162 a multiple of 150?
False
Is 10492248 a multiple of 78?
True
Is 9 a factor of 18026181?
True
Is 1462687759 a multiple of 11?
False
Is 11203056 a multiple of 18?
True
Is 3579908869 a multiple of 197?
False
Does 632 divide 11026504?
True
Does 146 divide 2328422892?
True
Does 334 divide 3214542252?
True
Is 861311702 a multiple of 775?
False
Is 22 a factor of 127923903?
False
Does 97 divide 2427134?
True
Is 355246890 a multiple of 15?
True
Is 151 a factor of 185509842?
True
Is 615448553 a multiple of 144?
False
Is 18954764 a multiple of 169?
False
Is 1250 a factor of 54883750?
True
Does 191 divide 11837135?
False
Is 17018124 a multiple of 6?
True
Is 91796040 a multiple of 272?
False
Is 10 a factor of 33467870?
True
Does 201 divide 26582049?
True
Does 17 divide 13414717?
True
Does 11 divide 41849312?
False
Does 11 divide 74790668?
False
Is 25 a factor of 221181200?
True
Does 2207 divide 514025749?
True
Is 13 a factor of 336804002?
False
Does 445 divide 81661060?
True
Is 135650732 a multiple of 2062?
True
Does 30 divide 39416610?
True
Is 23560062 a multiple of 17?
True
Is 22994155 a multiple of 5?
True
Is 209 a factor of 166609993?
True
Is 679 a factor of 42387933?
True
Is 284 a factor of 8483080?
True
Is 566616064 a multiple of 128?
True
Is 35 a factor of 75015430?
True
Does 16 divide 1726142128?
True
Is 9 a factor of 8072361?
True
Is 190938804 a multiple of 21?
True
Is 3047 a factor of 635595059?
True
Is 41 a factor of 18697751?
False
Does 17 divide 1227020522?
False
Is 6 a factor of 303279479?
False
Is 79 a factor of 14754830?
True
Is 12989790 a multiple of 10?
True
Does 1740 divide 790569000?
True
Is 6 a factor of 227125170?
True
Does 15 divide 3274635?
True
Does 1345 divide 41996280?
True
Is 131 a factor of 25499281?
True
Is 598 a factor of 7451720?
False
Does 293 divide 222436224?
True
Is 27 a factor of 102877830?
True
Is 10 a factor of 62830285?
False
Does 38 divide 51488024?
True
Is 462844215 a multiple of 2722?
False
Does 113 divide 1225824?
True
Is 89547468 a multiple of 124?
True
Is 101679225 a multiple of 2165?
True
Is 261952080 a multiple of 1469?
True
Is 39 a factor of 417790932?
True
Does 7 divide 78651538?
True
Does 483 divide 13129422?
False
Is 13759488 a multiple of 18?
True
Is 107 a factor of 81414244?
False
Is 6852699048 a multiple of 1768?
True
Is 22501388 a multiple of 1274?
True
Is 292651537 a multiple of 5?
False
Is 18210752 a multiple of 196?
True
Is 8 a factor of 39074120?
True
Does 357 divide 1494263127?
True
Is 37035701 a multiple of 18?
False
Does 98 divide 17378450?
False
Is 168484426 a multiple of 47?
False
Does 594 divide 48134359?
False
Is 7667 a factor of 467737846?
False
Is 533 a factor of 243480263?
True
Is 296382 even?
True
Is 1264991513 a multiple of 2369?
True
Is 1450666296 a multiple of 12?
True
Is 2 a factor of 224029936?
True
Is 4490372480 a multiple of 662?
True
Is 255391673 a multiple of 218?
False
Is 101148020 a multiple of 19?
True
Does 1686 divide 42617051?
False
Is 1631191193 a multiple of 706?
False
Does 21 divide 18099935?
False
Is 7 a factor of 546086752?
False
Is 61865057 a multiple of 17?
True
Is 64 a factor of 16960?
True
Is 163868130 a multiple of 37?
False
Is 50 a factor of 115210950?
True
Is 77528270 a multiple of 54?
False
Does 7163 divide 3074560351?
False
Is 54862990 a multiple of 1350?
False
Does 34 divide 207733134?
False
Is 1299464166 a multiple of 21?
True
Is 1210 a factor of 228588360?
True
Is 86 a factor of 496641326?
False
Does 61 divide 403386046?
True
Does 9 divide 6899276?
False
Is 117385786 a multiple of 10?
False
Is 80904956 a multiple of 44?
True
Is 104674725 a multiple of 2311?
False
Is 88108732 a multiple of 39?
False
Is 59 a factor of 13166207?
False
Is 2552 a factor of 513413912?
True
Is 2358731504 a multiple of 2096?
True
Does 6 divide 36720348?
True
Is 250090758 a multiple of 1379?
False
Is 107 a factor of 63285230?
False
Is 86140790 a multiple of 1807?
False
Is 220210740 a multiple of 276?
True
Does 1683 divide 229573891?
False
Is 353197198 a multiple of 61?
True
Is 57266528 a multiple of 592?
True
Is 7363825 a multiple of 42?
False
Does 851 divide 667578472?
False
Is 5442984 a multiple of 904?
True
Is 2175 a factor of 131580975?
True
Is 102 a factor of 169739526?
True
Does 1904 divide 426288464?
True
Is 94 a factor of 33046377?
False
Is 176613946 a multiple of 7?
False
Is 323634012 a multiple of 628?
False
Is 240165616 a multiple of 28?
False
Is 2361 a factor of 1835674104?
False
Is 5991920 a multiple of 619?
True
Is 623902580 a multiple of 295?
True
Does 27 divide 1769078586?
False
Is 754 a factor of 2920345298?
True
Is 88 a factor of 1874415576?
True
Is 5816397904 a multiple of 825?
False
Does 2 divide 15263717?
False
Is 32508174 a multiple of 7?
False
Is 60 a factor of 417982446?
False
Is 889 a factor of 6104187?
False
Is 20808140 a multiple of 20?
True
Is 3776400 a multiple of 